(f) = 15*f + 279. Let s be x(-6). Suppose 219 - 668 = 4*k + q, 562 = -5*k - q. Let d = k + s. What are the prime factors of d?
2, 19
Suppose 9049 = 506*d - 505*d. List the prime factors of d.
9049
Let r = 919 - 735. Let x be 2/(-11) - (-178)/11. Let v = x + r. What are the prime factors of v?
2, 5
Let o(g) = -1925*g - 3274. List the prime factors of o(-8).
2, 3, 43, 47
Let k = -16 + 155. Suppose -3*t - k = -5*y, 3*y + 2*y = 2*t + 101. Let c = -14 - t. What are the prime factors of c?
2, 3
Let u(l) = 35*l + 5. Let a(x) = x**2 + 2*x - 7. Let i be a(-5). Let s be u(i). Suppose 0 = -9*t - 51 + s. What are the prime factors of t?
2, 13
Let g(b) = -4*b - 4*b - 14 - b**2 + 17. Let d be g(-6). Suppose -516 = d*r - 18*r. List the prime factors of r.
2, 43
Let c = 15890 - 8259. What are the prime factors of c?
13, 587
Let k = 112 + -100. Suppose -k = 3*y, 3*y = 2*u + u - 1278. What are the prime factors of u?
2, 211
Let o = 74995 - 32524. List the prime factors of o.
3, 11, 13
Let r(x) = -1022*x + 4. Let u be r(-1). Suppose 0 = -7*z - 228 + u. Let p = z + -56. List the prime factors of p.
2, 29
Suppose 25*m = 7*m. What are the prime factors of (m + (-273)/2)*(-100)/30?
5, 7, 13
Let w(y) = -3*y - 9*y - 1 - 3*y + y**2. Let r be w(15). List the prime factors of ((-6)/(-4))/r*(-16)/6.
2
Let c(m) = 292*m**3 + 12*m**2 - 26*m - 5. List the prime factors of c(3).
11, 719
Let j(w) = -w**2 - 6*w + 18. Let k be j(-8). Suppose k*z + 2*c = 136, 23*c = 19*c - 16. List the prime factors of z.
2, 3
Let q = -21455 - -43496. What are the prime factors of q?
3, 31, 79
Let a(v) be the second derivative of -v**5/20 - 7*v**4/12 + 3*v**3 - 6*v**2 - 4*v. Let b be a(-9). What are the prime factors of (b/(-10))/((-3310)/(-825) - 4)?
3, 11
Let g = -96 + 105. Suppose g*b - 3674 = 1168. What are the prime factors of b?
2, 269
Suppose -2*m = 3*l - 363, -4*m = 8*l - 9*l + 121. Suppose -123*v + 368 = -l*v. What are the prime factors of v?
2, 23
Suppose 103149 - 32221 = 26*q. Let w = q - 1914. List the prime factors of w.
2, 11, 37
Suppose 30909 + 2301 = 18*g. List the prime factors of g.
3, 5, 41
Suppose 5*d + 10402 = j - 16434, j - 26824 = 2*d. What are the prime factors of j?
2, 419
Suppose -4422 = -3*n - 3*y, -77 = -2*n - 3*y + 2871. Let x = 2379 - n. List the prime factors of x.
5, 181
Let j be (-12)/6 - (-112 + 3). Let d = 12 + j. What are the prime factors of d?
7, 17
Let v(z) = z**2 + 229. Let q be -5*(-2 + 14/10). Suppose 5*r = s, -q*r - 2*s = -s. What are the prime factors of v(r)?
229
Suppose 0 = 22*o - 232 - 1308. Suppose o*p - 87*p + 9486 = 0. List the prime factors of p.
2, 3, 31
Suppose 13*i - 20 = 8*i. Suppose i*g - 527 = 289. Let d = -127 + g. What are the prime factors of d?
7, 11
Suppose -12*a + 6 = -15*a. Let l be (3/a)/(((-6)/(-4))/(-3)). Suppose 2*z - 4*g = 258, 0 = 4*z + z + l*g - 697. List the prime factors of z.
137
Let h be ((-4)/(-6))/((-17)/((-28968)/16)). Suppose 3*g - h = -2*z, 3*g + 3*z - 67 = -z. List the prime factors of g.
5
Suppose 9 = -q + 11. Suppose -5*i + q*i = 24. Let r = 61 - i. What are the prime factors of r?
3, 23
Let d(j) = 403*j**2 + 834*j + 3. What are the prime factors of d(-6)?
3, 3169
Let a(j) = -2*j**3 + j**2 + 6*j - 2. Let i be a(-3). Let x = i - -59. What are the prime factors of x?
2, 3, 17
Suppose -2*w = 2*w - 1100 + 412. What are the prime factors of w?
2, 43
Let i = -15691 + 35465. What are the prime factors of i?
2, 9887
What are the prime factors of (-49780)/(-2) - (8 + -3 - -2)?
149, 167
Let g be ((-2)/((-6)/17))/(23/69). Suppose g*z - 4*z = 1456. What are the prime factors of z?
2, 7
Let w(c) = c**3 + 2*c**2 - 2*c - 1. Let i be w(2). Suppose -2*k + 219 = -4*u + i, -2*k + 205 = -u. What are the prime factors of k?
2, 3, 17
Let c = 38866 + -21045. List the prime factors of c.
71, 251
Let f be 15 + -7 + 20/4 + -1. List the prime factors of 4/f*(2300/4 - -4).
193
Let y(j) = -105 + 273 + 9*j + 225. List the prime factors of y(0).
3, 131
Suppose 2*p + 9*o = 43061, -2*p = 5*o - 4773 - 38292. What are the prime factors of p?
5, 59, 73
Suppose 2*w - g + 44 = 0, w + 110 = -4*w - 2*g. Suppose -15 = -3*m - 4*x + 102, 4*x = 0. Let y = m + w. List the prime factors of y.
17
Let o be (-4)/8*(-2 + -10). Let w(t) be the first derivative of t**4/4 - 4*t**3/3 - 3*t**2/2 - 13*t + 21. List the prime factors of w(o).
41
Suppose -2*a - 4*j - 12 = 0, 4*a - 12 + 0 = j. Let p be ((-279)/4)/(a*2/16). List the prime factors of 40/(-8) + (0 - p).
2, 137
Suppose 640*i - 254*i = 326*i + 1333140. What are the prime factors of i?
17, 1307
Suppose 3*u = 7*u - 944. Let m = 171 + u. List the prime factors of m.
11, 37
Let b(v) = 654*v - 6909. List the prime factors of b(21).
3, 5, 7, 13
Let h = -1059 - -2195. Suppose -g = 7*g - h. List the prime factors of g.
2, 71
Suppose -3*r - 4 = 4*x - 5*r, 2*x + 4*r = 8. Suppose 3*t + 15 = -2*k - x*t, -7 = k + 2*t. Let h = 74 - k. What are the prime factors of h?
83
Suppose -4*w - 5*o = -66, 0 = -36*w + 32*w + 4*o + 84. Suppose -7303 - 4553 = -w*z. List the prime factors of z.
2, 3, 13
Let c be (-73788)/(-344) - 1*2/(-4). List the prime factors of 2*(-7 + c/2).
3, 67
Let d be (-2)/(-11) + 4136/(-121). Let p = 36 + d. Suppose -5*v + 3*y + 465 = 0, p*v = 4*y + 117 + 83. What are the prime factors of v?
2, 3, 5
Let z(y) = 2*y**3 - 8*y**2 - 34*y - 46. What are the prime factors of z(20)?
2, 6037
Suppose -n + 12 = -3*y, -n = 3*n + 5*y + 20. Suppose n*k - 4*w = k - 759, -2*k = w - 1539. List the prime factors of k.
3, 257
Suppose 17*b = 29*b + 72. List the prime factors of (-8)/b - (-48188)/84.
5, 23
Suppose 31*g - 63201 - 119296 = 0. Suppose 10*w + 3*z = 5*w + g, 0 = 5*z + 5. What are the prime factors of w?
2, 19, 31
Let v = 45 + -46. Let w be 24909/114 + 2/4*v. Suppose 76 = 3*z - 2*o - w, -98 = -z - 4*o. List the prime factors of z.
2, 7
Suppose v + 20 = -5*y, 7*y = 2*y + 5*v + 10. Let w be 206 - (2 + -2)/y. Let b = -117 + w. List the prime factors of b.
89
Let p(n) = -289*n - 2455. What are the prime factors of p(-86)?
13, 1723
Let a be 1 + -1 + 0 + 8. Let n be ((-6)/a - -2)*-4. Let k = n - -33. List the prime factors of k.
2, 7
Let s be 4*3 + (4 - 0). Let m be (-2)/s + (-21612)/(-96). Suppose -7*x + 2*x = -m. What are the prime factors of x?
3, 5
Suppose -2*i - 40 = -78. Let w(t) = t**3 - 18*t**2 - 19*t - 2. Let b be w(i). List the prime factors of (-67)/(b/(-4) + -1).
2, 67
Suppose -318*p + 335150 + 304434 = 34*p. What are the prime factors of p?
23, 79
Let b = 322 + -307. Suppose -b = -3*z, -4225 = -5*d - 20*z + 18*z. List the prime factors of d.
3, 281
Let w = -11752 - -18568. What are the prime factors of w?
2, 3, 71
List the prime factors of 1/(-2) + (-51516)/(-8).
47, 137
Let a(k) = 3*k**3 + 4*k**2 + 2*k - 1. Let g be a(-1). What are the prime factors of 0/1 + -3 - 677*g?
7, 193
Let a(d) = 2*d**3 - 3*d**2 - 4*d + 12. Let t be a(6). Suppose 6*i - t = 372. Let p = i - 56. List the prime factors of p.
2, 29
Let w(c) = -186*c - 1. Suppose -54*l + 59*l = 10. Let t be ((-2)/(-8)*-2)/(l/4). What are the prime factors of w(t)?
5, 37
Suppose 25 = g - 270 + 18. What are the prime factors of g?
277
Let d = 6980 - 2971. Suppose -6*s + k = -s - d, -3*s - 2*k = -2408. List the prime factors of s.
2, 401
Let m = 69257 + -38001. What are the prime factors of (36/(-5))/(m/(-2840) - -11)?
2, 3, 71
Let t(k) = 42*k + 2593. List the prime factors of t(83).
6079
Let z(t) = -53*t**3 - 6*t - 15. Let d be z(-3). Suppose 24*x - d = 18*x. What are the prime factors of x?
239
Let h = 103947 - 72883. What are the prime factors of h?
2, 11, 353
Let p(m) = -333*m - 1812. What are the prime factors of p(-16)?
2, 3, 293
Suppose 5*a + 11935 = -2*l + 66840, -3*l - 54880 = -5*a. List the prime factors of a.
10979
Let m = 98469 - 52990. List the prime factors of m.
7, 73, 89
Suppose 5*c + 4*n + 85 = 0, c + 5 - 17 = 5*n. Let z = 17 + c. Suppose -z*j = -3*d + 206, -d - 3*d = 2*j - 238. What are the prime factors of d?
2, 31
Let z be ((-4)/3)/(6 - (-464)/(-72)). List the prime factors of z + 131 - (-2)/(4/(-2)).
7, 19
Let a = -5 - -8. Suppose 6*m - a - 3 = 0. List the prime factors of (m*3)/((-18)/(-174)).
29
Let i = -44 + 71. Let q = i + -24. Suppose 184 - 1127 = -5*j + q*v, -4*v + 207 = j. List the prime factors of j.
191
Let o(f) = 44*f**2 - 128*f -